 3*h**2 + 48 - 19 + 22 + 5*h. Let g(m) = 3*o(m) - 5*s(m). What is the units digit of g(0)?
3
Let r = -159 - -331. Let l = r - 45. What is the tens digit of l?
2
Let w(r) = r**2 + 6*r + 8. Suppose -y - 10 = y. Let h be w(y). What is the tens digit of (-18)/4*(-13 + h)?
4
Suppose 2*m - u + 94 = 0, u + 2*u = -m - 33. What is the hundreds digit of (-1742)/(-10) - (-9)/m?
1
Let b(n) = -12*n - 1. Let k be b(-1). Let d be -2*(-4)/(4/k). Suppose -4*w - 48 = -2*h, -w - 45 - d = -3*h. What is the tens digit of h?
2
Suppose -16*n + 19*n = 420. Let u = -47 + n. What is the tens digit of u?
9
Suppose 5*q = 4*w + 2258, 1475 = -5*q - 5*w + 3715. What is the units digit of (2 - (-40)/(-25))/(2/q)?
0
Let m(g) = -1 + 0*g**3 - 29*g + g**3 - 9*g**2 + 40*g. Let j be m(8). Suppose -37 = -3*r + j. What is the tens digit of r?
2
Suppose -4*m = -5*y - 450, 127 = -2*y + m - 53. Let a = 48 + -46. What is the units digit of (a/(-4))/(9/y)?
5
Let q = -50 - -228. Let l = 293 - q. What is the units digit of l?
5
Let x(a) = a**2 - 6. Let q be x(4). Suppose 0*y = -2*y + q. Let p(j) = 6*j - 15. What is the units digit of p(y)?
5
Suppose -b + 1 = -3. Suppose 16 = 2*u - b*n, -u + n - 10 = 5*n. Suppose -u*m = 0, -w - 3*w + 5*m + 24 = 0. What is the units digit of w?
6
Let i(g) = -9 + 3 - 2*g**3 - 7*g**2 + g**2 + 11*g. Let r(j) = -3*j**3 - 5*j**2 + 11*j - 7. Let s(x) = -4*i(x) + 3*r(x). What is the units digit of s(6)?
5
Suppose -4*b - 3*n + 1479 = 0, -4*b - 3*n = -6*n - 1497. What is the hundreds digit of b?
3
Let d be 42/12 + 1/(-2). Suppose 0 = -3*y + 3*m + 384, 4*y - d*m - 191 - 322 = 0. What is the hundreds digit of y?
1
Let u(t) = -2*t**2 + 59*t - 47. What is the hundreds digit of u(14)?
3
Let c = 9 + -4. Suppose -c*r + 0*r = 0. Suppose r*p = p - 41. What is the units digit of p?
1
Let b = 13 + -13. Suppose b = 18*d - 3123 + 405. What is the tens digit of d?
5
Suppose 14 = j + 3*y, -2*j - y + 0*y + 18 = 0. Suppose -j*k + 181 + 987 = 0. What is the tens digit of k?
4
What is the hundreds digit of (1/(-5))/(18/(-109170))?
2
Let q = -101 - -411. What is the hundreds digit of q?
3
Let g = -686 + 985. What is the units digit of g?
9
Let s be 2 - (-13)/(-5) - 9408/20. Let h = 674 + s. What is the tens digit of h?
0
Suppose 0 = i - 5*f, -5*i + 4*f + 11 = 53. What is the tens digit of (-1)/5 + (-812)/i?
8
Let h = 124 + -61. Let c be h/49 + (-4)/14. Suppose 10 = n - c. What is the units digit of n?
1
Suppose 0 = 5*z - 1610 - 605. What is the units digit of z?
3
Suppose -h + 10 = 1. Let x = h - 15. What is the tens digit of 156/9 - (-2)/x?
1
Let p = -3 + 6. Suppose 0 = 11*b - p*b - 496. What is the tens digit of b?
6
Let b = -38 - -210. Suppose b = 3*x - 143. What is the hundreds digit of x?
1
Suppose -4*h = 4*n + 24, 12 = 4*h - 5*h - 3*n. What is the units digit of (-44)/(-12) + (-1)/h?
4
Suppose -2*k - 3*q - 12 = -4*k, -3*q = 4*k - 6. Suppose -k*m = -5*u + 8, -u = -4*m - 1 - 4. What is the units digit of (1 + -2 - u)*-25?
0
Let f = -15 - -17. Suppose -5*w - 15 = 0, -f*g + 2*w - w = -63. Let t = g + 4. What is the tens digit of t?
3
Let p(n) = -5*n + 10. Let b = 9 + -15. What is the tens digit of p(b)?
4
Suppose -5*q + 3*q + 4 = 0. Suppose -q*s = 4 - 12. Suppose -s*y + y + 99 = 0. What is the units digit of y?
3
Let i = 1550 + -675. What is the hundreds digit of i?
8
Let o(v) = 57*v - 60. Let x(c) = 38*c - 40. Let n(a) = 5*o(a) - 7*x(a). What is the tens digit of n(5)?
7
Let k = -81 - -1536. What is the units digit of k?
5
Let q(w) = -w**3 - 4*w**2 - w + 1735. What is the units digit of q(0)?
5
Suppose 23 = -11*p - 21. What is the units digit of 280/3 + p/(-6)?
4
Let b = 29 - 28. What is the tens digit of 0 - (-24 - b)*3?
7
What is the units digit of (-2224)/(-4) - 3/(6/(-8))?
0
Let l(i) = 27*i**2 + 10*i - 1. What is the hundreds digit of l(4)?
4
Suppose -2*x - 10 = 0, 4*y + 5*x = 3*x + 78. Let p be ((-2)/4)/(2/4). Let d = y + p. What is the tens digit of d?
2
Let w be (-2*1)/((-18)/(-225)). Let j = 24 + w. Let o(n) = -48*n**3 + n**2. What is the units digit of o(j)?
9
Let z(r) = -r**3 + 14*r**2 - 18*r + 2. Let m(l) = -2*l**3 + 28*l**2 - 36*l + 3. Let p(c) = -6*m(c) + 11*z(c). What is the tens digit of p(13)?
6
Suppose 0 = 2*v + 7 - 17. Suppose 3 = 3*y + 4*q - v, 4 = -3*y + 2*q. Suppose -5*g + 25 + 20 = y. What is the units digit of g?
9
Suppose -4*v - 3*y + 5*y + 388 = 0, -5*v + 3*y + 486 = 0. What is the tens digit of v?
9
Let h = -139 + 253. What is the tens digit of h?
1
Let d(a) be the third derivative of -13*a**6/120 - a**5/30 - a**4/12 - a**3/2 - 16*a**2. What is the units digit of d(-2)?
7
What is the units digit of 2 + (27 - -1) + -4?
6
Let x(r) = r**3 + 32*r**2 - 22*r + 217. What is the hundreds digit of x(-27)?
4
Let i(j) = -j**2 + 2*j**2 - 6 - 2 + 3*j + 3. Let d be i(-5). Suppose 0 = d*v - 0*v - 10. What is the units digit of v?
2
Let g(z) = 4*z**3 + 3*z - 3. Let i be g(2). Suppose 30*x = i*x - 410. What is the tens digit of x?
8
Suppose 13*n = -w + 12*n + 796, -n = 2. What is the hundreds digit of w?
7
Suppose -6*k = -k - 15. Suppose 5*t + 10 + 0 = -5*v, 2*v + 19 = -5*t. Suppose -v*i + x - 3*x = -76, 12 = -k*x. What is the units digit of i?
8
Let u(c) = -8*c - 2. Let v be -3*((-8)/(-3) + -3). Let n be (-1)/(4/8*v). What is the units digit of u(n)?
4
Suppose 7*v + 1778 - 17710 = 0. What is the units digit of v?
6
What is the hundreds digit of ((-192)/6)/(8/(-28))?
1
Suppose -10351 - 1471 = -23*a. What is the units digit of a?
4
Suppose 276 = 4*q - 3*w, 0 = -5*q + 2*q + 4*w + 214. Suppose -7*k + 9*k = q. What is the tens digit of k?
3
Let r = 6 + -2. Suppose 5*z = 15, -r = 2*b + z - 11. Suppose -34 = 4*n + b*t - 92, 5*t + 5 = 0. What is the tens digit of n?
1
Let j be (-7)/(-21) + (-15)/(-9). Suppose -j*t = 3*t - 345. What is the units digit of t?
9
Suppose 0 = -u + 3*i + 67, 2*i - 381 = -5*u + 22. Suppose -u = -7*x + 152. What is the tens digit of x?
3
Suppose -2*q + s + 225 = 2*s, -2*q - 4*s = -228. Suppose -c - 3*c + q = 0. What is the units digit of c?
8
Suppose 182*m = 179*m + g + 2428, -m + 812 = g. What is the tens digit of m?
1
Let g = 1978 - 833. What is the hundreds digit of g?
1
Suppose 3*l - 192 = 2*l. Suppose 2*a + 3*z = 5*z + 374, -a + 2*z = -l. What is the hundreds digit of a?
1
Suppose 2*q - 46 = -o, -4*q + o + o = -108. What is the units digit of (q/10)/((-5)/(-10))?
5
Let t(p) be the first derivative of -10*p**2 - 7. Let a be t(-2). Suppose -y = -a - 10. What is the units digit of y?
0
Let f(o) = o**2 - 11*o + 47. Suppose -8*u = -0*u - 160. What is the tens digit of f(u)?
2
Suppose -83*v = -89*v + 6594. What is the hundreds digit of v?
0
Let j be (85 + (-15)/(-5))/(-1). Let o = -39 - j. What is the tens digit of o?
4
Let q(a) = -a**3 - 3*a**2 - 22*a - 6. What is the units digit of q(-7)?
4
Let u be ((-10)/(-35))/((-3)/(-231)) + -3. Suppose u*f - 23*f = -928. What is the tens digit of f?
3
Let x(n) = 9*n**2 + 2*n - 1. Let y be x(1). Suppose 4*b - 2*q = -y, 7*q - 20 = 5*b + 3*q. What is the tens digit of (-22)/(2 + (-3 - b))?
2
Suppose 45 = -11*o + 16*o. Let j = -14 + o. Let l(a) = a**3 + 5*a**2 - 7*a - 1. What is the tens digit of l(j)?
3
Let b = 0 + 0. Suppose 0 = -43*v + 56*v - 39. Suppose -v*w + 2*w + 36 = b. What is the tens digit of w?
3
Suppose 48 = 6*i + 6. What is the hundreds digit of (13972/12)/i - 6/(-9)?
1
Let w(n) = -n**3 - 15*n**2 - 15*n + 12. Let l be w(-14). Suppose -3*s - l = -4*s. What is the tens digit of s?
2
Let b(p) = -p**2 + 9*p + 4. Let c be b(9). Suppose c*o - 8*o = -704. What is the units digit of o?
6
Let s = 7854 + -5113. What is the tens digit of s?
4
Suppose 2*n - 10 = -4. Suppose -a + 1 = -n. Suppose -a*g - 2*g = -36. What is the units digit of g?
6
Suppose -2*u = u + 6*u. Suppose 16 = -4*k, -h + u*h - k + 76 = 0. What is the tens digit of h?
8
Suppose -8*q + 51 = -21. Suppose -10*k = -q*k - 25. What is the tens digit of k?
2
Let u(f) = f**3 - 9*f**2 - 7*f + 4. Suppose -d - 2 = -4*l, -d = -0*d + 4*l - 22. What is the tens digit of u(d)?
3
Let w = -77 + 79. Suppose -5*v + 190 = w*s - v, s + 4*v = 87. What is the tens digit of s?
0
Let i(j) = 773*j**2 - 3*j - 7. What is the tens digit of i(-1)?
6
Let n(v) = v**2 + 6*v - 9. Let f be n(-7). What is the tens digit of 54/f*(-24)/9?
7
Let v be 15/20 - 22/8. What is the units di